te the remainder when 85137439 is divided by 252.
247
What is the remainder when 34586690 is divided by 145?
130
Calculate the remainder when 410231355 is divided by 8927.
8924
Calculate the remainder when 189596 is divided by 189495.
101
What is the remainder when 299062 is divided by 42719?
29
Calculate the remainder when 525860 is divided by 6050.
5560
What is the remainder when 34332 is divided by 1593?
879
What is the remainder when 1017154 is divided by 2115?
1954
What is the remainder when 39884983 is divided by 267?
256
Calculate the remainder when 16248175 is divided by 780.
775
What is the remainder when 73463 is divided by 3183?
254
Calculate the remainder when 5617160 is divided by 49.
45
Calculate the remainder when 12212206 is divided by 36.
34
What is the remainder when 723081 is divided by 129?
36
What is the remainder when 45582 is divided by 45381?
201
Calculate the remainder when 291072 is divided by 94.
48
Calculate the remainder when 16883577 is divided by 1364.
1349
Calculate the remainder when 120019 is divided by 38749.
3772
Calculate the remainder when 3010610 is divided by 52.
18
Calculate the remainder when 155620 is divided by 9718.
132
What is the remainder when 1347198 is divided by 26415?
33
What is the remainder when 302661 is divided by 100527?
1080
What is the remainder when 240924 is divided by 3824?
12
Calculate the remainder when 4112486 is divided by 63.
35
What is the remainder when 397110 is divided by 259?
63
Calculate the remainder when 18225 is divided by 76.
61
Calculate the remainder when 55921 is divided by 766.
3
What is the remainder when 5054716 is divided by 7?
2
What is the remainder when 8651271 is divided by 43?
15
What is the remainder when 1973885 is divided by 103888?
13
What is the remainder when 144908 is divided by 20649?
365
Calculate the remainder when 833097 is divided by 709.
22
Calculate the remainder when 29020113 is divided by 5804019.
18
Calculate the remainder when 640387318 is divided by 120.
118
Calculate the remainder when 282207 is divided by 7653.
6699
What is the remainder when 4388 is divided by 2982?
1406
What is the remainder when 877074 is divided by 339?
81
Calculate the remainder when 33984 is divided by 1711.
1475
What is the remainder when 313789 is divided by 368?
253
Calculate the remainder when 5186939 is divided by 25426.
35
What is the remainder when 504901 is divided by 5940?
1
What is the remainder when 2939184 is divided by 452?
280
Calculate the remainder when 294452 is divided by 2834.
2550
What is the remainder when 634870 is divided by 1718?
928
Calculate the remainder when 222887 is divided by 428.
327
What is the remainder when 7542078 is divided by 167601?
33
Calculate the remainder when 291119 is divided by 1051.
1043
Calculate the remainder when 524237 is divided by 3612.
497
What is the remainder when 59498 is divided by 234?
62
Calculate the remainder when 17262927 is divided by 472.
471
What is the remainder when 182236 is divided by 83?
51
What is the remainder when 25952 is divided by 3195?
392
What is the remainder when 1650115 is divided by 1507?
1457
What is the remainder when 187519086 is divided by 1322?
1318
Calculate the remainder when 470121 is divided by 708.
9
Calculate the remainder when 120918 is divided by 1612.
18
What is the remainder when 24638710 is divided by 4927733?
45
Calculate the remainder when 155629 is divided by 22227.
40
Calculate the remainder when 112330 is divided by 27642.
1762
What is the remainder when 506202 is divided by 735?
522
Calculate the remainder when 21584 is divided by 1645.
199
Calculate the remainder when 183047 is divided by 2727.
338
What is the remainder when 6340882 is divided by 716?
702
Calculate the remainder when 274841 is divided by 22623.
3365
What is the remainder when 62931468 is divided by 58?
18
What is the remainder when 49760879 is divided by 274?
13
What is the remainder when 6084658 is divided by 581?
426
What is the remainder when 331204 is divided by 5448?
4324
What is the remainder when 2913745 is divided by 769?
4
What is the remainder when 82900 is divided by 10339?
188
What is the remainder when 434797 is divided by 434772?
25
What is the remainder when 157936 is divided by 692?
160
What is the remainder when 1695044 is divided by 4958?
4366
What is the remainder when 12359657 is divided by 2255?
2
Calculate the remainder when 29507785 is divided by 5901556.
5
Calculate the remainder when 461906 is divided by 6689.
365
What is the remainder when 46713454 is divided by 852?
850
What is the remainder when 1512152 is divided by 349?
284
Calculate the remainder when 294605 is divided by 19495.
2180
What is the remainder when 8018010 is divided by 47?
45
Calculate the remainder when 19861534 is divided by 7389.
7291
What is the remainder when 41804007 is divided by 3347?
3324
Calculate the remainder when 233559865 is divided by 337.
330
Calculate the remainder when 7413224 is divided by 1059030.
14
Calculate the remainder when 764126 is divided by 806.
38
What is the remainder when 290994 is divided by 42?
18
What is the remainder when 424702 is divided by 89?
83
Calculate the remainder when 21255 is divided by 511.
304
Calculate the remainder when 721927 is divided by 240639.
10
Calculate the remainder when 32933211 is divided by 5488868.
3
Calculate the remainder when 22545 is divided by 43.
13
Calculate the remainder when 378889039 is divided by 702.
685
What is the remainder when 18153 is divided by 388?
305
What is the remainder when 49377476 is divided by 97?
14
What is the remainder when 36805859 is divided by 365?
354
What is the remainder when 8299513 is divided by 586?
581
Calculate the remainder when 4742861 is divided by 592856.
13
Calculate the remainder when 589717 is divided by 1787.
7
Calculate the remainder when 1547279 is divided by 515737.
68
What is the remainder when 3138769 is divided by 91?
88
Calculate the remainder when 63185901 is divided by 227.
224
What is the remainder when 6686774 is divided by 1196?
1134
Calculate the remainder when 1705203 is divided by 1638.
45
Calculate the remainder when 21060 is divided by 10506.
48
What is the remainder when 1861788 is divided by 310013?
1710
What is the remainder when 1671732 is divided by 185747?
9
What is the remainder when 32282 is divided by 5365?
92
What is the remainder when 265277 is divided by 655?
2
Calculate the remainder when 392127121 is divided by 479.
477
Calculate the remainder when 197277 is divided by 2598.
2427
What is the remainder when 5148 is divided by 630?
108
Calculate the remainder when 6744720 is divided by 2.
0
Calculate the remainder when 280812 is divided by 5508.
5412
What is the remainder when 17035666 is divided by 27?
16
Calculate the remainder when 2524432 is divided by 2524397.
35
Calculate the remainder when 563152 is divided by 35192.
80
What is the remainder when 2297741 is divided by 382956?
5
What is the remainder when 25975 is divided by 900?
775
What is the remainder when 16424658 is divided by 70?
68
What is the remainder when 973241 is divided by 97321?
31
Calculate the remainder when 1663864 is divided by 1355.
1279
Calculate the remainder when 5307 is divided by 663.
3
What is the remainder when 308128 is divided by 61617?
43
Calculate the remainder when 18402714 is divided by 400059.
0
Calculate the remainder when 1357050 is divided by 194.
20
What is the remainder when 4199500 is divided by 2142?
1180
Calculate the remainder when 1853764 is divided by 1853701.
63
Calculate the remainder when 143372 is divided by 196.
96
Calculate the remainder when 1110122 is divided by 277365.
662
What is the remainder when 15749993 is divided by 2624990?
53
What is the remainder when 1449086 is divided by 3?
2
Calculate the remainder when 1216112 is divided by 244.
16
Calculate the remainder when 3647255 is divided by 48.
23
What is the remainder when 12441543 is divided by 12?
3
What is the remainder when 860662 is divided by 4832?
566
Calculate the remainder when 184453057 is divided by 1870.
1867
What is the remainder when 5545247 is divided by 1848391?
74
What is the remainder when 12070966 is divided by 8?
6
Calculate the remainder when 2099561 is divided by 209950